osite number?
False
Is 62563 composite?
False
Is 94253 prime?
True
Is 21929 prime?
True
Is 29229 a prime number?
False
Is 205169 a composite number?
True
Is 8651 a composite number?
True
Is 6899 a composite number?
False
Is 21215 composite?
True
Is 21559 a composite number?
False
Is 1195837 a prime number?
True
Is 9913 prime?
False
Is 567785 composite?
True
Is 42691 prime?
False
Is 61441 prime?
True
Is 46577 composite?
True
Is 968017 a prime number?
True
Is 30865 prime?
False
Is 29857 a composite number?
True
Is 83431 a prime number?
True
Is 559037 prime?
False
Is 77069 a composite number?
False
Is 23719 composite?
False
Is 16009 a prime number?
False
Is 35333 prime?
False
Is 39659 a composite number?
False
Is 80953 prime?
True
Is 241957 prime?
False
Is 79681 composite?
True
Is 18805 a prime number?
False
Is 33398 a prime number?
False
Is 4497 prime?
False
Is 160583 composite?
False
Is 183355 composite?
True
Is 2868693 prime?
False
Is 37435 composite?
True
Is 14143 a composite number?
False
Is 106553 a composite number?
True
Is 48179 composite?
False
Is 556897 prime?
False
Is 2773 prime?
False
Is 48947 composite?
False
Is 6259 prime?
False
Is 3491 a composite number?
False
Is 1693 composite?
False
Is 59693 a prime number?
True
Is 85147 prime?
True
Is 131545 a composite number?
True
Is 114769 prime?
True
Is 36037 composite?
False
Is 17039 prime?
False
Is 286723 a composite number?
True
Is 23977 a prime number?
True
Is 401299 a prime number?
False
Is 8923 composite?
False
Is 151617 prime?
False
Is 757019 a prime number?
True
Is 36103 composite?
True
Is 187879 a prime number?
False
Is 17899 prime?
False
Is 861637 a prime number?
False
Is 65167 a composite number?
False
Is 102893 composite?
True
Is 207967 composite?
False
Is 8147 prime?
True
Is 2215 composite?
True
Is 9413 prime?
True
Is 4733 composite?
False
Is 8147 a composite number?
False
Is 1457 composite?
True
Is 3251 composite?
False
Is 3076559 a prime number?
True
Is 3755 prime?
False
Is 38113 prime?
True
Is 8401 prime?
False
Is 361763 prime?
True
Is 4327 prime?
True
Is 2734 prime?
False
Is 198233 composite?
True
Is 564647 prime?
False
Is 127859 composite?
False
Is 188735 a prime number?
False
Is 5033 a prime number?
False
Is 42923 prime?
True
Is 68863 a prime number?
True
Is 68399 composite?
False
Is 907 a composite number?
False
Is 136874 a prime number?
False
Is 2507957 a composite number?
False
Is 7782595 composite?
True
Is 31127 prime?
False
Is 66457 a composite number?
False
Is 242589 a composite number?
True
Is 21433 a composite number?
False
Is 65579 a composite number?
False
Is 61741 composite?
True
Is 385991 composite?
False
Is 110221 a prime number?
True
Is 858597 a composite number?
True
Is 14899 prime?
False
Is 700301 prime?
False
Is 91867 composite?
False
Is 12185 prime?
False
Is 63053 prime?
False
Is 1709 prime?
True
Is 72263 composite?
True
Is 357557 a prime number?
False
Is 57185 composite?
True
Is 1145 prime?
False
Is 44999 composite?
True
Is 6259 a prime number?
False
Is 290317 a composite number?
False
Is 35095 prime?
False
Is 3091 prime?
False
Is 29101 a prime number?
True
Is 462671 a prime number?
False
Is 613699 a prime number?
True
Is 54401 prime?
True
Is 91493 prime?
True
Is 1187717 a composite number?
False
Is 1657 prime?
True
Is 89537 a composite number?
True
Is 4789 a composite number?
False
Is 155139 prime?
False
Is 1224673 composite?
False
Is 28955 a prime number?
False
Is 941719 composite?
True
Is 7187 a composite number?
False
Is 9523 a prime number?
False
Is 6101 prime?
True
Is 2159 a prime number?
False
Is 7853 a composite number?
False
Is 35729 a prime number?
True
Is 560827 a prime number?
True
Is 16517 a prime number?
False
Is 7513 composite?
True
Is 359701 a prime number?
True
Is 11549 composite?
False
Is 28271 a prime number?
False
Is 3659 composite?
False
Is 763561 composite?
True
Is 971891 prime?
False
Is 5441551 a prime number?
True
Is 4861 composite?
False
Is 24659 a composite number?
False
Is 54673 composite?
False
Is 4385 prime?
False
Is 263023 a composite number?
False
Is 18617 a prime number?
True
Is 354115 prime?
False
Is 6211 a prime number?
True
Is 90757 a prime number?
False
Is 115633 composite?
True
Is 1541209 prime?
True
Is 1671 prime?
False
Is 51031 prime?
True
Is 49081 a composite number?
False
Is 793159 a prime number?
True
Is 20323 prime?
True
Is 9383 prime?
False
Is 4957 prime?
True
Is 6449 composite?
False
Is 44927 a composite number?
False
Is 6341 prime?
False
Is 26147 prime?
False
Is 15253 a prime number?
False
Is 444767 prime?
True
Is 34517 prime?
False
Is 61091 a prime number?
True
Is 33479 a prime number?
True
Is 6311 prime?
True
Is 75847 a composite number?
True
Is 903781 prime?
True
Is 1393 a prime number?
False
Is 1197059 a prime number?
True
Is 619967 a composite number?
False
Is 28811 a prime number?
False
Is 26899 prime?
False
Is 107171 prime?
True
Is 993 composite?
True
Is 45853 a prime number?
True
Is 1054371 prime?
False
Is 77135 composite?
True
Is 1071931 a composite number?
True
Is 65687 a composite number?
False
Is 89041 composite?
False
Is 142 composite?
True
Is 219281 a composite number?
False
Is 107599 prime?
True
Is 1931 a composite number?
False
Is 39737 composite?
True
Is 10307 composite?
True
Is 69029 composite?
False
Is 4279 prime?
False
Is 103787 a composite number?
False
Is 3109 composite?
False
Is 4181 prime?
False
Is 34807 composite?
False
Is 2941 composite?
True
Is 109709 prime?
False
Is 11903 prime?
True
Is 16018 a composite number?
True
Is 228877 a composite number?
True
Is 718085 prime?
False
Is 6143 a prime number?
True
Is 13649 a prime number?
True
Is 325859 prime?
False
Is 3309485 prime?
False
Is 2807 prime?
False
Is 10487 a composite number?
False
Is 40387 a prime number?
True
Is 3749 a composite number?
True
Is 3389 prime?
True
Is 1411649 a composite number?
False
Is 2333 a prime number?
True
Is 10123 a composite number?
True
Is 793529 prime?
False
Is 5779 a prime number?
True
Is 446773 composite?
False
Is 101843 prime?
False
Is 69283 a prime number?
False
Is 158113 composite?
False
Is 5609 prime?
False
Is 272449 prime?
True
Is 24407 prime?
True
Is 16547 a composite number?
False
Is 66273 prime?
False
Is 81151 prime?
False
Is 4561 composite?
False
Is 39489 a composite number?
True
Is 47543 composite?
False
Is 8185 composite?
True
Is 334281 a prime number?
False
Is 388711 prime?
True
Is 23369 composite?
False
Is 2181 a composite number?
True
Is 2071543 composite?
False
Is 4391 a prime number?
True
Is 595319 a composite number?
False
Is 4726199 a composite number?
False
Is 168803 a composite number?
False
Is 8441 a prime number?
False
Is 9961 prime?
False
Is 29983 composite?
False
Is 413313 a prime number?
False
Is 205603 composite?
False
Is 81987 a composite number?
True
Is 1343 a composite number?
True
Is 59069 a prime number?
True
Is 106531 a composite number?
False
Is 38891 prime?
True
Is 7427 composite?
True
Is 1255 a prime number?
False
Is 618227 a prime number?
True
Is 749201 a composite number?
True
Is 24733 a composite number?
False
Is 18533 a composite number?
True
Is 203531 composite?
False
Is 6263453 a composite number?
True
Is 444439 a prime number?
False
Is 605779 a prime number?
True
Is 532523 a prime number?
True
Is 5077 a composite number?
False
Is 158993 a prime number?
True
Is 264631 a composite number?
False
Is 160841 prime?
True
Is 895 a composite number?
True
Is 42557 a prime number?
True
Is 18461 a prime number?
True
Is 1917859 a prime number?
True
Is 72211 a prime number?
True
Is 662299 composite?
True
Is 1693 composite?
False
Is 98251 a composite number?
False
Is 4645 a prime number?
False
Is 1157327 composite?
False
Is 145273 a composite number?
True
Is 191857 prime?
False
Is 4321 a prime number?
False
Is 6115 a composite number?
True
Is 12071 composite?
False
Is 20199 prime?
False
Is 5173 a prime number?
False
Is 3287 a composite number?
True
Is 132245 prime?
False
Is 527273 a prime number?
True
Is 2425949 composite?
True
Is 439537 a composite number?
True
Is 91367 a composite number?
False
Is 11513 prime?
False
Is 101633 composite?
True
Is 221849 prime?
True
Is 3659 prime?
True
Is 888847 prime?
False
Is 853007 a composite number?
False
Is 4861 a prime number?
True